et o(m) = m**3 - 30*m**2 + 19*m + 213. Give o(29).
-77
Let z(c) = c**3 - 55*c**2 + 113*c + 145. What is z(3)?
16
Let d(i) = -8*i**3 + 193*i**2 + 2040*i - 352. Determine d(32).
416
Let l(o) = -39695*o + 1309914. What is l(33)?
-21
Let v(c) = -475*c - 28513. Determine v(-60).
-13
Let d(b) = 3633*b - 13554. Give d(4).
978
Let l(t) = -341*t + 194. What is l(-2)?
876
Let z(h) = 6*h**2 + 3042006*h + 3042006. Give z(-1).
6
Let a(u) = -u**3 - 69*u**2 + 456*u + 590. What is a(-75)?
140
Let a(z) = 4*z**3 + 485*z**2 - 1880*z - 629. What is a(-125)?
-4
Let o(j) = -2*j**2 - 674*j + 14293. Give o(20).
13
Let x(m) = -120*m - 7427. Calculate x(-68).
733
Let w(s) = 6*s - 1044. What is w(69)?
-630
Let k(q) = -q**3 + 309*q**2 + 304*q + 1840. What is k(310)?
-20
Let n(g) = -675*g - 202639. Determine n(-301).
536
Let x(p) = 11*p**2 - 203*p - 3292. Calculate x(-16).
2772
Let o(s) = 4*s**2 - 217*s - 9305. Calculate o(-28).
-93
Let h(d) = -d**3 - 54*d**2 - 78*d - 910. Determine h(-53).
415
Let r(n) = 2*n**3 - 294*n**2 + 300*n + 728. Give r(146).
1896
Let x(k) = -260*k + 30355. Calculate x(116).
195
Let j(u) = -2293*u + 98592. Calculate j(43).
-7
Let s(k) = 17603*k + 88637. Calculate s(-5).
622
Let x(m) = 136*m + 1557. Determine x(-16).
-619
Let t(l) = -4*l**2 + 202*l - 2437. Determine t(17).
-159
Let y(m) = 3*m**3 - 44*m**2 + 13*m + 719. Determine y(13).
43
Let g(q) = q**2 - 135936*q + 4756544. Give g(35).
9
Let u(s) = s**3 - 56*s**2 - 298*s + 14052. Determine u(57).
315
Let i(g) = 69252*g - 277007. Give i(4).
1
Let h(m) = m**3 + 4045*m**2 + 100494*m - 151. Calculate h(-25).
-1
Let n(m) = -1395*m**2 - 5565*m + 67. Give n(-4).
7
Let s(d) = -6*d**2 + 3954*d - 11837. What is s(3)?
-29
Let x(n) = 367*n**2 + 6216*n + 108. What is x(-17)?
499
Let m(r) = 7*r**3 + 335*r**2 + 270*r - 137. Determine m(-47).
427
Let d(p) = p**3 + 56*p**2 - 3*p + 8. What is d(0)?
8
Let w(c) = 48*c**3 + 3*c**2 + 39*c + 547. Calculate w(0).
547
Let u(r) = -2*r**2 - 252*r - 2869. Calculate u(-13).
69
Let u(g) = 394*g**2 + 4755*g + 208. Give u(-12).
-116
Let m(u) = u**3 + 907*u**2 - 12884*u - 39. What is m(14)?
101
Let s(c) = 54*c**2 + 375*c - 392. Determine s(-8).
64
Let f(a) = -6*a**3 + 50*a**2 + 29*a - 163. Determine f(7).
432
Let y(k) = -396*k + 5866. What is y(9)?
2302
Let j(x) = -14364*x - 330446. Give j(-23).
-74
Let z(k) = -3*k**2 + 1050*k - 42739. Calculate z(47).
-16
Let o(v) = -v**2 + 550*v - 4148. Determine o(543).
-347
Let v(o) = o**3 + 2*o**2 - 24751*o - 172997. Calculate v(-7).
15
Let q(n) = 66778*n + 133570. What is q(-2)?
14
Let n(t) = -364*t + 91203. Determine n(251).
-161
Let w(l) = 57373*l + 3155446. Determine w(-55).
-69
Let o(f) = -2*f**2 - 65*f - 168. What is o(-30)?
-18
Let q(s) = -s**2 - 54686*s - 328010. What is q(-6)?
70
Let t(z) = 3*z**2 + 214*z - 171. Calculate t(-70).
-451
Let z(d) = d**2 - 1147752*d - 3443269. Determine z(-3).
-4
Let u(l) = 335*l + 72876. What is u(-222)?
-1494
Let i(b) = -b**2 - 132191*b - 3964746. Give i(-30).
84
Let y(x) = -405*x**2 - 195244*x - 16394. Determine y(-482).
-6
Let v(l) = -1836*l - 23876. Give v(-13).
-8
Let x(a) = -5209*a**2 - 26130*a + 9. What is x(-5)?
434
Let j(t) = -4*t**3 - 162*t**2 - 120*t - 8263. Give j(-41).
19
Let d(h) = -631*h**3 + 7570*h**2 + 15*h + 105. Give d(12).
-3
Let b(m) = -27289*m - 245607. Give b(-9).
-6
Let h(m) = -m**2 + 62*m + 364. Give h(67).
29
Let j(y) = -80*y**2 - 18264*y + 12830. Determine j(-229).
6
Let k(x) = 76611*x + 459667. Calculate k(-6).
1
Let m(y) = -y**2 - 992*y - 220676. What is m(-655)?
59
Let b(p) = -p**3 + 33*p**2 + 6*p + 996. Give b(34).
44
Let i(n) = 54*n**2 + 396*n - 3051. Determine i(6).
1269
Let x(i) = 17649*i - 105894. Calculate x(6).
0
Let j(m) = 97*m**2 + 75*m - 68. Determine j(1).
104
Let b(p) = -2*p**3 - 167*p**2 - 267*p - 1723. Give b(-82).
-1
Let y(b) = b**3 + 100*b**2 + 1718*b + 9. Give y(-22).
-35
Let b(w) = -8801*w - 70386. Give b(-8).
22
Let u(t) = t**3 + 66*t**2 - 207*t - 4827. Determine u(-68).
1
Let z(f) = 6*f**3 + 324*f**2 + 1935*f - 51. Give z(-7).
222
Let v(m) = -2*m**3 - 2*m**2 - 2*m - 62. Give v(-8).
850
Let b(n) = 7*n**3 + 212*n**2 - 1229*n - 72. Determine b(5).
-42
Let j(m) = m**2 - 1565*m + 383338. What is j(304)?
-6
Let c(i) = i**3 + 33*i**2 - 116*i - 367. What is c(-35)?
1243
Let n(c) = -c**3 - 301*c**2 + 15185*c - 215. Determine n(44).
5
Let v(j) = -j**2 + 21753*j + 174088. Determine v(-8).
0
Let y(s) = -s**3 + 10*s**2 + 64*s + 73. Determine y(15).
-92
Let p(l) = -14002*l + 14227. Determine p(1).
225
Let f(r) = -4*r**2 + 753*r - 7460. What is f(10)?
-330
Let d(k) = k**3 - 316*k**2 + 3056*k + 1070. What is d(306)?
-154
Let z(m) = 160*m**2 - 205*m + 210. Give z(1).
165
Let d(o) = -6*o**2 - 740*o + 14313. What is d(17)?
-1
Let v(g) = 2*g**3 - 19*g**2 + 17*g - 104. What is v(9)?
-32
Let f(y) = y**3 - 17*y**2 + 23*y + 1080. Calculate f(13).
703
Let s(u) = -5*u**2 - 365*u - 852. Determine s(-72).
-492
Let z(j) = 1415*j**2 - 1536*j - 72. What is z(1)?
-193
Let x(m) = 65726*m - 722946. Determine x(11).
40
Let k(h) = -331*h - 1887. Give k(-6).
99
Let p(b) = -2*b**3 + 97*b**2 + 309*b - 28064. What is p(45)?
16
Let g(i) = -6*i**2 - 604*i - 198. Calculate g(-100).
202
Let a(f) = -f**2 - 82*f + 122. Give a(17).
-1561
Let g(m) = 5882*m - 70124. Calculate g(12).
460
Let s(w) = -20*w**2 + 7135*w - 12436. What is s(355)?
-11
Let w(i) = -414*i + 10797. Calculate w(28).
-795
Let l(j) = -9954*j - 129424. Calculate l(-13).
-22
Let h(t) = 3*t**2 + 7386*t - 141387. What is h(19)?
30
Let y(t) = -77*t - 2200. What is y(-40)?
880
Let r(i) = 104*i**2 + 598*i - 7. Determine r(-6).
149
Let b(q) = -51489*q - 1081384. What is b(-21)?
-115
Let c(d) = 9*d**3 - 1317*d**2 + 5122*d - 7. Determine c(4).
-15
Let h(p) = -64*p**2 - 80*p + 406. What is h(-3)?
70
Let u(i) = -32*i**2 + 526*i + 4. What is u(17)?
-302
Let l(s) = -s**3 + 39*s**2 - 8010*s + 23706. What is l(3)?
0
Let n(y) = -y**3 - 43*y**2 - 885*y - 30590. Calculate n(-40).
10
Let c(k) = -5279*k - 47463. What is c(-9)?
48
Let n(h) = -h**3 + 9*h**2 - 20*h + 129. What is n(9)?
-51
Let m(u) = 2*u**2 + 126*u + 300. Determine m(-10).
-760
Let i(d) = 58000*d + 50691998. Calculate i(-874).
-2
Let t(i) = -3767*i - 109145. What is t(-29)?
98
Let k(q) = q**3 - 286*q**2 - 3093*q - 1327. What is k(-10)?
3
Let n(q) = -163*q**2 - 1241*q + 1822. What is n(-9)?
-212
Let t(k) = -198*k**2 + 75636*k + 174. Give t(382).
174
Let k(x) = -721*x + 107396. Give k(149).
-33
Let i(u) = 5*u**3 - 138*u**2 + 2*u - 661. What is i(28)?
963
Let i(h) = 45*h**2 + 492*h + 710. Calculate i(-9).
-73
Let p(i) = 419*i**2 + 28076*i + 240. Give p(-67).
39
Let r(w) = -w**3 + 33*w**2 + 747*w - 23260. Calculate r(36).
-256
Let x(o) = -67*o**3 - 539*o**2 + 218*o + 1928. Give x(-8).
-8
Let d(k) = -18*k**3 - 9*k**2 - 412*k - 807. Give d(-2).
125
Let k(r) = -83*r**2 + 570*r + 93. Give k(7).
16
Let q(h) = 257*h + 2953. Determine q(-11).
126
Let t(d) = d**3 + 4*d**2 - 62*d - 279. What is t(-7)?
8
Let d(m) = -3*m**2 + 266*m - 1529. Give d(6).
-41
Let n(q) = -q**2 + 70*q + 7253. What is n(-55)?
378
Let o(r) = 272*r - 33235. What is o(123)?
221
Let a(n) = n**3 - 406*n**2 - 83*n + 33701. What is a(406)?
3
Let k(u) = -370328*u + 21479026. Calculate k(58).
2
Let m(z) = -3*z**3 - 187*z**2 + 15731*z + 145. Determine m(-110).
35
Let k(x) = x**2 + 8286*x + 49666. Calculate k(-6).
-14
Let c(o) = 152*o - 7141. Give c(48).
155
Let f(o) = o**3 + 54*o**2 - 251*o - 4461. Determine f(-56).
3323
Let l(s) = 9*s - 464. Determine l(49).
-23
Let u(q) = -111*q - 963. Calculate u(-5).
-408
Let r(f) = 973*f + 41826. Determine r(-43).
-13
Let p(k) = k**3 - 67*k**2 + 641*k - 3403. Give p(57).
644
Let y(f) = -7926*f + 7912. Calculate y(1).
-14
Let c(b) = 133*b**2 + 348*b + 2. Determine c(0).
2
Let u(m) = -1899*m + 10271. Determine u(6).
-1123
Let q(k) = 37*k**3 + 143*k**2 + 49. Give q(-4).
-31
Let x(q) = 3*q**3 + 11*q**2 + 36*q + 41. Determine x(-7).
-701
Let u(n) = n**3 + 13*n**2 - 815*n - 5892. Determine u(-7).
107
Let b(i) = -i**3 + 12*i**2 + 172*i + 234. Give b(-9).
387
Let z(o) = o**2 + 115*o + 3181. Give z(-63).
-95
Let v(o) = o**2 + 64*o - 901. Calculate v(12).
11
Let u(l) = 4022*l - 15907. Determine u(4).
181
Let p(t) = 1506*t + 64605. What is p(-43)?
-153
Let v(s) = -s**3 - 52*s**2 - 147*s + 71. Calculate v(